 be (12/9)/((-4)/(-6)). Let c = -46 + 51. List the prime factors of 36/10*c/t.
3
Let h = -2480 + 3051. What are the prime factors of h?
571
Let m(j) = -j**2 + 13*j + 18. Let d be m(11). Suppose 50*y - 1980 = d*y. List the prime factors of y.
2, 3, 11
Suppose -48321 = -33*l - 16839. List the prime factors of l.
2, 3, 53
Suppose 6*o - 54 = 12. Suppose 0 = -r + 3*d + 15, -3*r + 3*d + 10 = -o. What are the prime factors of r?
3
Let m(l) = -l**2 - l + 3. Let f be m(-2). What are the prime factors of 23*f*(3 - (5 + -3))?
23
Let m be 12/15 + 3/15. Let t be 40 - (-2 - (-2)/m). Let p = t + -29. What are the prime factors of p?
11
Suppose 3*t = 3*m, 3*t = -4*m + 9*m. Suppose 85 = -t*r + 5*r. List the prime factors of (-2)/(-4)*1054/r.
31
Suppose -2*y + 5*y - 5556 = 0. List the prime factors of y.
2, 463
Let v be ((-2)/(-3))/((-9)/(-27)). Suppose 5*g - 75 = 4*g. Suppose s - 4*n - 31 = -v*s, -5*s = 5*n - g. What are the prime factors of s?
13
Suppose 2*a - 962 = 4*n - 2*n, -5*a - n + 2435 = 0. List the prime factors of a.
2, 3
Let u = 8 + -25. Let x = u + 19. Suppose -x*v + 24 = v. What are the prime factors of v?
2
Let n = -1864 + 4679. List the prime factors of n.
5, 563
Let g(y) = -2211*y - 209. Let s(k) = 85*k + 8. Let r(o) = 3*g(o) + 77*s(o). What are the prime factors of r(-2)?
3, 5, 11
Let x = 422 - -712. What are the prime factors of x?
2, 3, 7
Let h = -831 + 1234. What are the prime factors of h?
13, 31
Let w(g) = -4*g - 1. Let s be w(-1). Suppose -n = s*n - 296. What are the prime factors of n?
2, 37
Let n(y) = -5*y + 4. Let s be n(9). Let g = s - -15. List the prime factors of 6/(-3) + g/(-2).
11
Let a(b) = b - 2. Let o = 6 - 11. Let r(l) = l - 3. Let q(p) = o*r(p) + 4*a(p). What are the prime factors of q(-7)?
2, 7
Let s(i) = 8*i**2 - 10*i - 21. List the prime factors of s(-11).
7, 151
Suppose -62 - 13 = -5*c. Suppose -3*h + c = 2*h. Suppose -84 = -7*f + h*f. What are the prime factors of f?
3, 7
Let z = -17 + 25. Suppose -d - z = 4*r, 7 = -d - 0*d - 3*r. List the prime factors of ((-6)/2 - 3)*d.
2, 3
Suppose 0 = 2*n - t - 3*t - 26, 4*n - 4*t - 40 = 0. List the prime factors of n.
7
Let f(n) = -2*n**2 + 79*n - 13. What are the prime factors of f(20)?
13, 59
Suppose -x = 0, -5*k + 0*x = 4*x - 120. Let z = k - 16. List the prime factors of -3*z/(-30)*30.
2, 3
Let y = 65 - 10. Suppose -4*i + 20 = 0, -z + 18 = 4*i - y. List the prime factors of z.
53
Suppose -s - 3*z = 4*s - 27, 0 = s + 3*z - 15. Let n be s - -2*(-31)/(-2). Suppose 0 = 3*q + 4*g - 108 - 9, q = -3*g + n. List the prime factors of q.
43
Let m = -43 + -6. Let h = -25 - m. Let c = h + -14. What are the prime factors of c?
2, 5
Let p = -135 + 125. List the prime factors of (2/p - 1)/((-2)/215).
3, 43
What are the prime factors of (-16947)/(-6)*(115/15 - 7)?
7, 269
Let n(r) = -148*r - 4. Let f(o) = -37*o - 1. Let p(b) = -22*f(b) + 6*n(b). Suppose 157*m - 3 = 160*m. List the prime factors of p(m).
2, 3
Suppose -2*s = -5*s + 9. Let c(h) be the second derivative of 5*h**3/6 + 2*h**2 + 5*h. List the prime factors of c(s).
19
Let v = 86 - 98. What are the prime factors of (-102)/v - (-12)/(-8)?
7
Let m(n) = 5*n**3 - 4*n**2 - 2*n - 10. Let z(v) = 4*v**3 - 5*v**2 - 2*v - 11. Let r(a) = 5*m(a) - 6*z(a). List the prime factors of r(-6).
2, 37
Suppose 0 = -3*v - 2*q - 184, 184 = -4*v + q - 65. Let x = v + 70. List the prime factors of x.
2
Let p(w) = 5*w**3 - 6*w**2 + 27*w - 39. What are the prime factors of p(8)?
13, 181
Let u = -1 - -1. Let s be (-25)/(-7) + (-156)/273. Suppose u = -s*r - 2*r + 120. What are the prime factors of r?
2, 3
Let v be (3*1)/((-1)/(-13)). Let s be 55/10*(-5 + 7). Suppose v = -8*g + s*g. What are the prime factors of g?
13
Suppose 8962 = 8*b + 1546. List the prime factors of b.
3, 103
Suppose f = -x + 1, -5*f = -2*f + 9. Suppose 6*a = x*a + 200. List the prime factors of a.
2, 5
Let p = -214 + 475. List the prime factors of p.
3, 29
Suppose -l = -5*l. Suppose l + 28 = -4*f. What are the prime factors of (-3)/f + (-2429)/(-49)?
2, 5
Let b(d) = d**2 + d - 49. Let c(f) = f**2 + 13*f + 41. Let x be c(-10). List the prime factors of b(x).
83
Let g = -56 - -57. Suppose 4*p - 155 = g. List the prime factors of p.
3, 13
Suppose -11*m + 7*m = -1412. Let q = 617 - m. List the prime factors of q.
2, 3, 11
Let v(f) = 13*f**2 - 11*f - 67. List the prime factors of v(-7).
647
Suppose 0*p + 4*p = -4, 0 = -b - 2*p + 10. Suppose 2*o = 3 - 1. Suppose -5*h + 3*d = -b, -h - o + 3 = -d. What are the prime factors of h?
3
Suppose -3*b - 5*p + 6434 = 0, b - 839 - 1309 = -p. What are the prime factors of b?
2153
Suppose 2*o + 5*u - 69 = 0, u - 4*u - 3 = 0. Let q = o + -34. Suppose q*v + 2*t = 66, 0 = 4*t - 0*t + 12. List the prime factors of v.
2, 3
Suppose 0 = -4*a - 30 - 230. Let r = a - -208. Let y = r + -100. List the prime factors of y.
43
Suppose -a + 7 = 2, 4*u + 4*a - 40 = 0. What are the prime factors of 72 + -6 + 2 + u?
73
Let h(w) = -3*w - 5*w - 5 + w**2 - 3 + 1. Let l be h(9). List the prime factors of ((-64)/8)/(-1*l).
2
Let y(q) = q**2 + 3*q - 2. Let i be y(-4). Let p(a) = -3*a - 4. Let v be p(i). List the prime factors of ((-11)/(-2))/((-5)/v).
11
Let h = 1464 - 1383. List the prime factors of h.
3
Suppose 0 = -4*t - 45 - 195. Let b be (132/(-10))/(18/t). What are the prime factors of (18/4)/(11/b)?
2, 3
Suppose 5 = 4*b - 2*b + x, -4*b + 13 = -x. Suppose 3 = -d + 4*f, -b*d = -2*d - f - 3. List the prime factors of d.
5
Suppose 0 = 3*h + 6*c - 2*c + 64, 60 = -4*h + c. Let o be 5*(-4 - h/10). What are the prime factors of ((-104)/o)/(2/3)?
13
Let z(s) = -s**2 - 3*s + 2. Let k be z(-3). Suppose -n - k = -2*n. Suppose -i - n*c = -53 + 13, 5*c + 155 = 5*i. List the prime factors of i.
2, 17
Let w(l) = 6*l - 7. Let r(y) = 2*y - 3. Let q(a) = -7*r(a) + 3*w(a). Let h = 1 - -2. List the prime factors of q(h).
2, 3
What are the prime factors of ((-2)/(-8))/((-15)/(-34536))*10?
2, 1439
Suppose 0 = -23*g + 61 + 8. Suppose 0 = g*b - 9*b + 1350. List the prime factors of b.
3, 5
Suppose 17*x - 22*x - 15 = 0. Let o = -2 - x. What are the prime factors of o + 1 + -1 + 49?
2, 5
Let s = 1199 - 211. List the prime factors of s.
2, 13, 19
Let r = 6 - 1. Let s be -2 + (r - 4) + 1. Suppose 3*j - 4*t = 75, s = j - 2*j + 5*t + 36. What are the prime factors of j?
3, 7
Suppose -4*o = 5*p + 788, 0 = -2*o + p - 448 + 54. What are the prime factors of o/3*(-8)/(48/18)?
197
Let k be 40/50*5/2. Suppose 3*j - 5*w - 409 = 0, 5*j + 0*w - 723 = -k*w. List the prime factors of j.
11, 13
Let i(p) = 22*p - 5. Let j(t) = t**3 - 15*t**2 - 34*t + 12. Let q be j(17). What are the prime factors of i(q)?
7, 37
Suppose 0 = o + 18*p - 16*p - 557, 1119 = 2*o + 5*p. List the prime factors of o.
547
Suppose -4*s = -2 - 6. Suppose -s*r - v + 0 + 1 = 0, -5*r + 4*v = -9. Suppose -5*g + p = -0*p - 156, p = -r. List the prime factors of g.
31
Suppose 2*u - 7 = -3*m - 0*m, -5 = -5*m - 5*u. Suppose 5*f - 4*f - 2*r - 69 = 0, 2*f = m*r + 136. List the prime factors of f.
73
Let y = 395 + 642. What are the prime factors of y?
17, 61
Let n = -75 + 151. Suppose 0 = q - 2*q + 2. Suppose -q*d = -0*d - n. What are the prime factors of d?
2, 19
Let f(s) = 3*s - 14. Let z(l) be the third derivative of l**6/120 + l**5/12 + l**4/8 + l**3/6 + 4*l**2. Let p be z(-3). What are the prime factors of f(p)?
2
Let c(p) = -p**3 - p**2 + 4. Let g be c(0). Suppose -g*k + 155 = -m, -2*k - 4*m = -k - 26. Let j = 64 - k. What are the prime factors of j?
2, 13
Let u(h) = -h - 1. Let q(k) = -25*k + 4. Let p(g) = -q(g) + 3*u(g). List the prime factors of p(3).
59
Let s(p) = -p**3 + 15*p**2 + 10*p + 10. Let r be s(17). List the prime factors of r/(-4) + (-2)/4.
3, 11
Suppose 4*o + 3*g = 7963, -o + 2549 - 564 = -5*g. List the prime factors of o.
2, 5, 199
Suppose 4*b - 12997 = -5*x + 3*b, 4*b = -x + 2588. What are the prime factors of x?
2, 5, 13
What are the prime factors of (290/40)/(2/96)?
2, 3, 29
Suppose -1795 = 11*g - 16*g. Suppose -2*i - 2*z + 236 = 0, 0*i - g = -3*i + 2*z. List the prime factors of i.
7, 17
Let h(t) = 2*t**2 + 23*t - 8. List the prime factors of h(6).
2, 101
Let g = 16 - -290. What are the prime factors of g?
2, 3, 17
Suppose -10 + 1 = -3*y, -y = -v + 860. List the prime factors of v.
863
Suppose -4*m - 5*c = -12121, 3*m - 8*c = -5*